t the prime factors of 12245601.
3, 4081867
List the prime factors of 2364507.
3, 262723
List the prime factors of 431324.
2, 17, 6343
List the prime factors of 34232768.
2, 277, 1931
List the prime factors of 134878.
2, 17, 3967
List the prime factors of 16409569.
11, 173, 8623
List the prime factors of 2013972.
2, 3, 23, 7297
What are the prime factors of 2379218?
2, 17, 19, 29, 127
List the prime factors of 42612918.
2, 3, 7102153
List the prime factors of 5075855.
5, 1015171
What are the prime factors of 193361?
7, 23, 1201
List the prime factors of 882528.
2, 3, 29, 317
What are the prime factors of 185646?
2, 3, 30941
What are the prime factors of 18183741?
3, 19, 59, 5407
List the prime factors of 220358.
2, 239, 461
What are the prime factors of 887938?
2, 23, 97, 199
What are the prime factors of 3656411?
11, 17, 19553
What are the prime factors of 355978?
2, 7, 47, 541
List the prime factors of 131458.
2, 65729
List the prime factors of 1467486.
2, 3, 81527
What are the prime factors of 488043?
3, 211, 257
What are the prime factors of 6721270?
2, 5, 672127
List the prime factors of 1333514.
2, 7, 13, 17, 431
What are the prime factors of 193802?
2, 7, 109, 127
What are the prime factors of 4006560?
2, 3, 5, 17, 491
List the prime factors of 23911806.
2, 3, 71, 56131
What are the prime factors of 5797446?
2, 3, 966241
What are the prime factors of 6091352?
2, 557, 1367
What are the prime factors of 125418?
2, 3, 20903
List the prime factors of 160225.
5, 13, 17, 29
List the prime factors of 81267.
3, 103, 263
List the prime factors of 10631946.
2, 3, 13, 31, 4397
What are the prime factors of 7828756?
2, 13, 37, 313
What are the prime factors of 6017269?
17, 47, 443
List the prime factors of 210225.
3, 5, 2803
What are the prime factors of 335717?
97, 3461
List the prime factors of 485114.
2, 7, 34651
List the prime factors of 269175.
3, 5, 37, 97
List the prime factors of 104184.
2, 3, 1447
What are the prime factors of 4851039?
3, 59, 27407
List the prime factors of 53936.
2, 3371
List the prime factors of 107930.
2, 5, 43, 251
What are the prime factors of 952299?
3, 19, 5569
What are the prime factors of 563362?
2, 23, 37, 331
List the prime factors of 3665049.
3, 29, 103, 409
List the prime factors of 179358.
2, 3, 167, 179
What are the prime factors of 867300?
2, 3, 5, 7, 59
List the prime factors of 4106104.
2, 73, 79, 89
What are the prime factors of 7778536?
2, 653, 1489
List the prime factors of 2150648.
2, 19, 14149
What are the prime factors of 405144?
2, 3, 17, 331
What are the prime factors of 34563376?
2, 2160211
List the prime factors of 1668268.
2, 7, 59581
What are the prime factors of 127168?
2, 1987
List the prime factors of 3379417.
3379417
What are the prime factors of 29092608?
2, 3, 23, 61
List the prime factors of 1123414.
2, 331, 1697
What are the prime factors of 10179269?
19, 535751
List the prime factors of 6476801.
1171, 5531
List the prime factors of 10279233.
3, 41, 89, 313
What are the prime factors of 3735698?
2, 1867849
List the prime factors of 4453110.
2, 3, 5, 16493
What are the prime factors of 9452219?
7, 1350317
List the prime factors of 2389492.
2, 7, 61, 1399
List the prime factors of 652479.
3, 19, 11447
What are the prime factors of 972649?
972649
What are the prime factors of 19249538?
2, 7, 11, 239, 523
What are the prime factors of 192441?
3, 23, 2789
List the prime factors of 370664.
2, 7, 6619
List the prime factors of 4040413.
13, 310801
What are the prime factors of 3895265?
5, 11, 70823
What are the prime factors of 2399523?
3, 7, 163, 701
List the prime factors of 6851133.
3, 101, 7537
What are the prime factors of 1595911?
31, 51481
What are the prime factors of 6605122?
2, 19, 173819
What are the prime factors of 1848153?
3, 616051
What are the prime factors of 3985112?
2, 31, 16069
List the prime factors of 418371.
3, 139457
What are the prime factors of 35745544?
2, 1609, 2777
List the prime factors of 1269612.
2, 3, 35267
List the prime factors of 15146038.
2, 79, 257, 373
What are the prime factors of 4912940?
2, 5, 61, 4027
List the prime factors of 317113.
233, 1361
List the prime factors of 6295484.
2, 13, 121067
List the prime factors of 270282.
2, 3, 107, 421
List the prime factors of 1925164.
2, 211, 2281
What are the prime factors of 35708?
2, 79, 113
What are the prime factors of 16652659?
16652659
What are the prime factors of 3703519?
673, 5503
What are the prime factors of 3159130?
2, 5, 13, 19, 1279
List the prime factors of 26330459.
26330459
What are the prime factors of 826306?
2, 13, 61, 521
What are the prime factors of 16195674?
2, 3, 11, 245389
What are the prime factors of 4161437?
7, 19, 67, 467
List the prime factors of 296390.
2, 5, 107, 277
List the prime factors of 53114.
2, 26557
What are the prime factors of 330134?
2, 7, 23581
List the prime factors of 56279.
167, 337
List the prime factors of 1848368.
2, 115523
What are the prime factors of 197642?
2, 17, 5813
What are the prime factors of 7959226?
2, 11, 331, 1093
What are the prime factors of 614371?
557, 1103
List the prime factors of 198081.
3, 13, 1693
What are the prime factors of 207024?
2, 3, 19, 227
What are the prime factors of 9509232?
2, 3, 198109
List the prime factors of 1484493.
3, 443, 1117
List the prime factors of 13604258.
2, 6802129
What are the prime factors of 1749107?
1749107
List the prime factors of 22558194.
2, 3, 877, 1429
List the prime factors of 1883144.
2, 29, 8117
List the prime factors of 422028.
2, 3, 19, 617
What are the prime factors of 956699?
956699
What are the prime factors of 3953438?
2, 139, 14221
List the prime factors of 132533.
132533
List the prime factors of 80806.
2, 11, 3673
What are the prime factors of 56811?
3, 29, 653
What are the prime factors of 483787?
483787
What are the prime factors of 1217101?
29, 41969
List the prime factors of 1291406.
2, 645703
What are the prime factors of 5339548?
2, 317, 4211
What are the prime factors of 5094342?
2, 3, 11, 2339
List the prime factors of 30588867.
3, 43, 26347
List the prime factors of 155723.
155723
List the prime factors of 15499468.
2, 3874867
List the prime factors of 10310933.
2789, 3697
List the prime factors of 2183034.
2, 3, 7, 51977
List the prime factors of 27222849.
3, 419, 7219
List the prime factors of 2969783.
23, 129121
What are the prime factors of 930777?
3, 449, 691
List the prime factors of 4041398.
2, 43, 46993
What are the prime factors of 7185803?
827, 8689
What are the prime factors of 874604?
2, 218651
List the prime factors of 3463856.
2, 11, 19681
What are the prime factors of 9928532?
2, 97, 25589
List the prime factors of 522676.
2, 7, 11, 1697
List the prime factors of 6399229.
151, 42379
What are the prime factors of 6609?
3, 2203
List the prime factors of 98886.
2, 3, 16481
List the prime factors of 628697.
139, 4523
What are the prime factors of 11090945?
5, 23, 96443
List the prime factors of 15845258.
2, 11, 13, 17, 3259
What are the prime factors of 3362136?
2, 3, 31, 4519
List the prime factors of 144248.
2, 13, 19, 73
List the prime factors of 10558972.
2, 17, 31, 5009
List the prime factors of 2060360.
2, 5, 19, 2711
What are the prime factors of 624303?
3, 71, 977
What are the prime factors of 322711?
17, 41, 463
List the prime factors of 3979609.
37, 59, 1823
What are the prime factors of 3913352?
2, 59, 8291
List the prime factors of 2725660.
2, 5, 7, 19469
What are the prime factors of 4904851?
7, 31, 3229
List the prime factors of 1594256.
2, 37, 2693
List the prime factors of 4241986.
2, 7, 302999
List the prime factors of 7243384.
2, 61, 14843
What are the prime factors of 14950703?
311, 48073
List the prime factors of 321790.
2, 5, 7, 4597
What are the prime factors of 3677?
3677
What are the prime factors of 977315?
5, 71, 2753
What are the prime factors of 1768505?
5, 577, 613
List the prime factors of 72251.
72251
List the prime factors of 4316918.
2, 2158459
List the prime factors of 604034.
2, 79, 3823
What are the prime factors of 7447970?
2, 5, 109, 6833
What are the prime factors of 9350703?
3, 97, 10711
List the prime factors of 535793.
535793
List the prime factors of 2146886.
2, 7, 19, 1153
List the prime factors of 161074.
2, 80537
List